. Suppose x*n - 12 = 0, -751 = -2*z - 5*n + v. Is z composite?
True
Suppose 0 = -710*k + 712*k - 704434. Is k composite?
False
Suppose -5*f = 3*i - 261828, 4 = -2*f + 10. Is i prime?
False
Let x = 38 + -29. Let k be ((-24)/x)/((-2)/6). Is 1814/k*(5 - 1)*1 composite?
False
Is -5*-9*11/(-99) + 640692 composite?
False
Is 14*994 + -121 + 106 a prime number?
True
Let w(b) = -b**2 - 3*b + 12. Let i be w(-5). Suppose -4*f = -5*v + 53569, v + i*v = f + 32147. Is v prime?
False
Let r be 8164/11 - (60/(-33) + 2). Let p(c) = 4*c**3 + 7*c**2 - 3*c + 1. Let u be p(6). Let w = r + u. Is w a prime number?
False
Let u(h) = h - 8. Let a be u(8). Suppose -2*t + t = 5*i - 90566, i - 3*t - 18110 = a. Is i a composite number?
True
Is (-18)/(-6)*(-841195)/(-15) a prime number?
False
Let p(y) = 18*y**2 - y - 25. Let o be p(-10). Let m = 9196 - o. Is m a composite number?
False
Let d be (1 - -7001) + -13 + 9. Let r = d - 3307. Is r prime?
True
Suppose 0 = -356*o + 353*o. Suppose -v - 4*m + 12449 = o, m - 20 = 5*m. Is v prime?
False
Let d(r) = r - 1. Let h(g) = 79*g + 188. Let f(c) = -2*d(c) + h(c). Is f(21) a prime number?
False
Let v = 4979 - 1969. Suppose 5*a = v + 2465. Let g = 562 + a. Is g a composite number?
False
Let i(w) = w**3 + 26*w**2 + 16*w - 16. Let q(s) = 5*s + 31. Let n be q(-6). Let d be (n - (3 - 1))/((-26)/(-650)). Is i(d) prime?
False
Suppose 142995 = 14*j - 40769. Suppose -6*w + j = -27188. Is w a composite number?
False
Is ((-3)/(-5))/(39/7306195) composite?
False
Suppose 88*v - 369151 = 997401. Is v a composite number?
True
Suppose -5*r = -4*n + 1526, -5*n = 18*r - 19*r - 1897. Is n a composite number?
False
Let q(l) = -137 - 584*l + 3*l + 161*l - 288*l - 120. Is q(-10) composite?
False
Let o = 145778 + 152043. Is o prime?
False
Let l(n) = -2322*n - 4187. Is l(-100) a composite number?
False
Is 5341 - (396/(-39) + 10/65) a prime number?
True
Let i = -73588 - -43349. Let r = 42336 + i. Is r a prime number?
True
Suppose -105902 = -2*g + 36858. Suppose 0 = -2*q - 3*h + g, -2*h + 142762 = 4*q + 3*h. Is q a prime number?
False
Is 4/3*8503011/132 prime?
True
Let f = -599 + 1365. Let i = f + -393. Suppose 5*h - 645 = 5*z, -3*h - 3*z + i = z. Is h composite?
False
Suppose -310*i + 170*i = -162*i + 11122826. Is i prime?
False
Suppose -81*f - 59*f + 11647092 - 427912 = 0. Is f composite?
True
Let f(u) = 36*u - 1006. Let d be f(28). Suppose -12 = -5*a + 43. Suppose d*p - 3 = -a, -3*l + 2*p = -1469. Is l prime?
True
Let g = -76 + 78. Suppose -2*f - 4*s = -24, -2*f + g*s - 7*s = -27. Suppose 0 = 2*m + 2*j - 166, m + f*j - j = 99. Is m prime?
True
Let v(g) = g**3 - 2*g**2 + g + 3. Let m be v(2). Suppose 5*x + m*u - 5 = 0, 5*x - 2*u + 11 = -12. Is (-295)/3*3*(x + 2) prime?
False
Suppose -3*j - 6*y + 13 = -8*y, 3*j = 3*y + 15. Suppose -t - 1 = -j, 5*h = -4*t + 212173. Is h a prime number?
True
Is 593679 + ((-154)/2)/(-11) + 9 prime?
False
Let w(x) = 5671*x**2 - 7*x - 7. Let r be 4/(-5) + (12/20)/(-3). Is w(r) a prime number?
False
Suppose 9712925 + 22636203 = 56*z. Is z prime?
False
Suppose 73*s = -26*s + 16804 + 4085. Is s a composite number?
False
Let j = 351988 - 68671. Is j a composite number?
True
Is 38434283/95 + (-20)/50 prime?
False
Let q(g) = -2*g**2 + 67*g - 90. Let c be q(29). Let i be ((-10)/4)/((-1)/2). Suppose 3*w + 2*h + h = c, -279 = -i*w - 2*h. Is w composite?
True
Let n be -1 + (0 - 1) + 2. Suppose 0 = -n*r + 5*r + 4*b - 1419, -1130 = -4*r + 2*b. Let h = -142 + r. Is h prime?
False
Suppose 0 = 4*r - 4*w - 12, 4*r + w = 2 - 5. Suppose 8*o - 38 + 6 = r. Suppose -3*n + 1660 + 6555 = 4*l, -o*l + 5*n = -8207. Is l a composite number?
False
Let z be 3/3 + 22 + -19. Is 1 + (-3 + 59347)/z a prime number?
False
Let t = -63434 - -101238. Suppose 2*j + 5*p - 18902 = -0*p, -4*j = -p - t. Is j composite?
True
Let p(i) = -i - 18. Let w be p(-18). Suppose -989 = -3*r - w*q - q, 0 = -2*r - 5*q + 681. Let j = r + -151. Is j a composite number?
True
Suppose -34*r + 24*r = -419690. Is r composite?
False
Let w be -13 + 1450/110 + 75/11. Suppose -4*m + 30 = -2*r - 14, 0 = -m - 4*r + 11. Suppose w*h - m*h = -24284. Is h composite?
True
Let i be (-84 - -608) + -1*1. Let j = i + 70. Is j a prime number?
True
Suppose -5*s + 3*s - 29453 = -3*z, 0 = 5*z - 5*s - 49080. Suppose 12*r - 10*r + 3*k = z, -24542 = -5*r + 3*k. Is r composite?
False
Let j(o) = 7*o**2 + 53*o + 18. Let h be j(15). Suppose -4*l = a - 2819, 2*a - 2*l - h - 3250 = 0. Is a a composite number?
False
Let m = -358550 - -509199. Is m a composite number?
False
Suppose -6*r = 1571 - 11645. Suppose 0 = -4*d - h - 9184, h = -5*d - 9801 - r. Let f = -1199 - d. Is f composite?
False
Let d = 62 - 15. Suppose -d*b = -46*b - 254. Is b composite?
True
Suppose 143742 = k - 5*q, 29*k - 22*k - q = 1006228. Is k composite?
True
Let p(t) = 2*t**3 + 4*t**2 + 2. Let g be p(-2). Let n be ((-1 + 1 + 0)/3)/g. Suppose n = -86*h + 85*h + 1133. Is h a composite number?
True
Let a = -2545 + 9452. Suppose -f - 4 = 0, -11*h = -10*h + f - a. Is h a prime number?
True
Suppose 0 = -3*u - 337*j + 334*j + 773238, 5*j = -u + 257782. Is u composite?
True
Let j(i) = -97*i**3 + 7*i**2 - 2*i - 127. Is j(-6) prime?
True
Let n = -10 - -45. Let s be 14/n - 32283/(-5). Suppose -25*o = -14*o - s. Is o a prime number?
True
Suppose -419358166 = -42*g - 383*g + 14550259. Is g a prime number?
True
Suppose -5*h - 2*g + 6 = 0, 14 = -5*h - 3*g + 23. Suppose -5856 = -5*r + 4*o + 2431, -o - 4968 = -3*r. Suppose 7*k - 8*k + r = h. Is k prime?
False
Suppose 7806 = -8*v - 4586. Let x = v - -3620. Is x prime?
False
Let o(k) = k**2 - 4*k - 4. Let z be o(8). Is (-118690)/(-34) - z/(-238) a composite number?
False
Let i = 9955 - -1242. Is i composite?
False
Suppose 4*d - 1820 = -2*k, d - 3*k = 369 + 86. Let s be (d/(-20))/(-7)*28. Let l = s - -108. Is l composite?
False
Suppose -4446 = -5*x + 6*x. Let w = x - -6485. Is w a composite number?
False
Let i(x) = -x**3 + 56*x**2 + 32*x + 98. Let u be i(56). Suppose -5*g = -3*o + 110363 - 45682, 3*o - 64684 = 2*g. Suppose 0 = 8*w - o + u. Is w a prime number?
True
Let m(s) = -s**2 + 10*s - 24. Let g be m(6). Suppose g = -r - 3*y + 11, -5*r + 10*r - 19 = -3*y. Suppose -5*u + r*u = -597. Is u a composite number?
False
Suppose -90 = 6*j - 12*j. Suppose j = -6*k + 3. Is ((-24)/(-9) + k)*(1986 + -3) a composite number?
True
Suppose -1433363 = -11*r + 451124. Is r a composite number?
False
Is ((-3)/(-12))/(39/42532048)*(-9)/(-12) composite?
False
Let l be (20/3)/((-18)/189). Is 5*((-51278)/l + (-8)/56) a prime number?
False
Suppose z + o = 138 + 212, 4*z = -o + 1412. Let d(k) = -k**3 + 2*k - 1. Let w be d(1). Is w + (-2)/(z/358 + -1) composite?
False
Suppose -10*c - 5*s - 3139755 = -15*c, -c - 4*s + 627971 = 0. Is c prime?
False
Is (51/17 + (-25)/8)*-330664 a composite number?
False
Let a = 12 - 17. Let w be (-140)/(-8)*(-6)/a. Is (6620/6)/(14/w) a prime number?
False
Is (-1)/(-503*(-27879)/(-2337189) - -6) a composite number?
False
Let k(r) = -991*r + 4036. Is k(-33) a prime number?
True
Let f(j) = -j**2 + 4*j + 5. Let s be f(4). Let o = -5192 + 5195. Suppose o*v - v - 1366 = 3*d, s*v = -d + 3381. Is v a composite number?
False
Let b be (-2)/(-3) + 41332/(-60)*-5. Suppose 13 = -5*z + 48. Suppose -2*y = -z*y + b. Is y prime?
False
Let w = 106503 - 40432. Is w a prime number?
True
Is ((-28)/(-4) - 9)/((-10)/757255) composite?
False
Suppose 0 = -219*t + 159*t + 105180. Is t a composite number?
False
Let v = -281488 + 444593. Is v prime?
False
Let m = -493 + 435. Is (m/4)/(21/(-3318)) prime?
False
Let d be ((-16)/3 + 2)/(22/(-33)). Suppose g = -d*c + 501, 4*g = 7*g + 5*c - 1553. Is g a prime number?
False
Suppose -m + 4*d = -3758, -2*d + 4*d = -4*m + 14978. Suppose m = -5*k + 7*k. Suppose -3*r + 5*o = -k, 3*r + 2*o - 1901 = -0*o. Is r composite?
False
Suppose -5*u + 1658100 = -5*d, -3*u + 53*d + 994856 = 48*d. Is u composite?
True
Let t(p) = 409*p - 19. Let i(s) = 409*s - 20. Let m be 5/(-10)*(10 + 4). Let c(r) = m*t(r) + 6*i(r). Is c(-4) a composite number?
True
Suppose -4*c + 3*p = 260472 - 1308016, 4*p = 3*c - 785665. Is c composite?
True
Let i = 621108 + -283819. Is i composite?
True
Let h(z) = 93*z - 406. Let j = 685 + -666. Is h(j) a prime number?
True
Suppose -5*v + 0*v + 5329 = 2*y, -4*v + 3*y = -4277. Is v + 4 + 